{"id":42,"date":"2023-04-05T13:26:15","date_gmt":"2023-04-05T13:26:15","guid":{"rendered":"https:\/\/madeireiraatanasio.com.br\/?page_id=42"},"modified":"2023-04-14T16:41:43","modified_gmt":"2023-04-14T16:41:43","slug":"quem-somos","status":"publish","type":"page","link":"https:\/\/madeireiraatanasio.com.br\/index.php\/quem-somos\/","title":{"rendered":"Quem somos"},"content":{"rendered":"\t\t<div data-elementor-type=\"wp-page\" data-elementor-id=\"42\" class=\"elementor elementor-42\" data-elementor-post-type=\"page\">\n\t\t\t\t<div class=\"elementor-element elementor-element-6e665cc e-flex e-con-boxed wpr-particle-no wpr-jarallax-no wpr-parallax-no wpr-sticky-section-no wpr-equal-height-no e-con e-parent\" data-id=\"6e665cc\" data-element_type=\"container\" data-e-type=\"container\" data-settings=\"{&quot;background_background&quot;:&quot;classic&quot;}\">\n\t\t\t\t\t<div class=\"e-con-inner\">\n\t\t\t\t<div class=\"elementor-element elementor-element-2f6c57b elementor-widget elementor-widget-heading\" data-id=\"2f6c57b\" data-element_type=\"widget\" data-e-type=\"widget\" data-widget_type=\"heading.default\">\n\t\t\t\t<div class=\"elementor-widget-container\">\n\t\t\t\t\t<h2 class=\"elementor-heading-title elementor-size-default\">QUEM SOMOS<\/h2>\t\t\t\t<\/div>\n\t\t\t\t<\/div>\n\t\t\t\t<div class=\"elementor-element elementor-element-dc5b065 elementor-widget__width-initial elementor-widget-mobile__width-initial elementor-widget-tablet__width-initial elementor-widget elementor-widget-text-editor\" data-id=\"dc5b065\" data-element_type=\"widget\" data-e-type=\"widget\" data-widget_type=\"text-editor.default\">\n\t\t\t\t<div class=\"elementor-widget-container\">\n\t\t\t\t\t\t\t\t\t<p>Atuando no mercado desde 2013 a MADEIREIRA ATANASIO, especializou-se no mercado de madeiras de pinus para constru\u00e7\u00e3o civil, com seguran\u00e7a e qualidade proporcionando conforto e satisfa\u00e7\u00e3o.<\/p><p>Com ampla variedade de produtos, podemos atender desde a montagem de caixarias at\u00e9 o acabamento final de sua obra.<br \/>Contamos com profissionais especializados, oferecendo a melhor solu\u00e7\u00e3o para a sua necessidade.<\/p>\t\t\t\t\t\t\t\t<\/div>\n\t\t\t\t<\/div>\n\t\t\t\t\t<\/div>\n\t\t\t\t<\/div>\n\t\t<div class=\"elementor-element elementor-element-f3134b1 e-flex e-con-boxed wpr-particle-no wpr-jarallax-no wpr-parallax-no wpr-sticky-section-no wpr-equal-height-no e-con e-parent\" data-id=\"f3134b1\" data-element_type=\"container\" data-e-type=\"container\" data-settings=\"{&quot;background_background&quot;:&quot;classic&quot;,&quot;shape_divider_top&quot;:&quot;tilt&quot;}\">\n\t\t\t\t\t<div class=\"e-con-inner\">\n\t\t\t\t<div class=\"elementor-shape elementor-shape-top\" aria-hidden=\"true\" data-negative=\"false\">\n\t\t\t<svg xmlns=\"http:\/\/www.w3.org\/2000\/svg\" viewBox=\"0 0 1000 100\" preserveAspectRatio=\"none\">\n\t<path class=\"elementor-shape-fill\" d=\"M0,6V0h1000v100L0,6z\"\/>\n<\/svg>\t\t<\/div>\n\t\t\t\t<div class=\"elementor-element elementor-element-df8caf0 elementor-widget__width-initial elementor-widget-mobile__width-initial elementor-widget elementor-widget-image\" data-id=\"df8caf0\" data-element_type=\"widget\" data-e-type=\"widget\" data-widget_type=\"image.default\">\n\t\t\t\t<div class=\"elementor-widget-container\">\n\t\t\t\t\t\t\t\t\t\t\t\t\t\t\t<img decoding=\"async\" src=\"https:\/\/madeireiraatanasio.com.br\/wp-content\/plugins\/elementor\/assets\/images\/placeholder.png\" title=\"\" alt=\"\" loading=\"lazy\" \/>\t\t\t\t\t\t\t\t\t\t\t\t\t\t\t<\/div>\n\t\t\t\t<\/div>\n\t\t\t\t<div class=\"elementor-element elementor-element-b8e7c31 elementor-widget__width-initial elementor-widget-mobile__width-initial elementor-widget elementor-widget-image\" data-id=\"b8e7c31\" data-element_type=\"widget\" data-e-type=\"widget\" data-widget_type=\"image.default\">\n\t\t\t\t<div class=\"elementor-widget-container\">\n\t\t\t\t\t\t\t\t\t\t\t\t\t\t\t<img decoding=\"async\" src=\"https:\/\/madeireiraatanasio.com.br\/wp-content\/plugins\/elementor\/assets\/images\/placeholder.png\" title=\"\" alt=\"\" loading=\"lazy\" \/>\t\t\t\t\t\t\t\t\t\t\t\t\t\t\t<\/div>\n\t\t\t\t<\/div>\n\t\t\t\t<div class=\"elementor-element elementor-element-d09c6da elementor-widget__width-initial elementor-widget-mobile__width-initial elementor-widget elementor-widget-image\" data-id=\"d09c6da\" data-element_type=\"widget\" data-e-type=\"widget\" data-widget_type=\"image.default\">\n\t\t\t\t<div class=\"elementor-widget-container\">\n\t\t\t\t\t\t\t\t\t\t\t\t\t\t\t<img decoding=\"async\" src=\"https:\/\/madeireiraatanasio.com.br\/wp-content\/plugins\/elementor\/assets\/images\/placeholder.png\" title=\"\" alt=\"\" loading=\"lazy\" \/>\t\t\t\t\t\t\t\t\t\t\t\t\t\t\t<\/div>\n\t\t\t\t<\/div>\n\t\t\t\t<div class=\"elementor-element elementor-element-0667e81 elementor-widget__width-initial elementor-widget-mobile__width-initial elementor-view-default elementor-position-block-start elementor-mobile-position-block-start elementor-widget elementor-widget-icon-box\" data-id=\"0667e81\" data-element_type=\"widget\" data-e-type=\"widget\" data-widget_type=\"icon-box.default\">\n\t\t\t\t<div class=\"elementor-widget-container\">\n\t\t\t\t\t\t\t<div class=\"elementor-icon-box-wrapper\">\n\n\t\t\t\t\t\t<div class=\"elementor-icon-box-icon\">\n\t\t\t\t<span  class=\"elementor-icon\">\n\t\t\t\t<svg xmlns=\"http:\/\/www.w3.org\/2000\/svg\" height=\"512pt\" viewBox=\"0 0 512 512.00069\" width=\"512pt\"><path d=\"m256.855469 178.625c7.046875 0 12.753906-5.710938 12.753906-12.753906 0-7.042969-5.707031-12.753906-12.753906-12.753906-56.347657 0-102.027344 45.679687-102.027344 102.03125 0 56.347656 45.679687 102.027343 102.027344 102.027343 56.351562 0 102.03125-45.679687 102.03125-102.027343 0-7.046876-5.710938-12.753907-12.753907-12.753907-7.042968 0-12.753906 5.707031-12.753906 12.753907 0 42.261718-34.257812 76.523437-76.523437 76.523437-42.261719 0-76.523438-34.261719-76.523438-76.523437 0-42.265626 34.261719-76.523438 76.523438-76.523438zm0 0\"><\/path><path d=\"m500.199219 179.394531c-2.214844-6.691406-9.433594-10.320312-16.128907-8.105469-6.539062 2.164063-10.179687 9.125-8.230468 15.730469 38.140625 121.457031-29.398438 250.835938-150.855469 288.976563-121.453125 38.140625-250.832031-29.398438-288.972656-150.855469-38.144531-121.457031 29.398437-250.835937 150.851562-288.976563 44.960938-14.117187 93.164063-14.117187 138.121094 0 6.75 2.035157 13.871094-1.785156 15.90625-8.535156 2.003906-6.648437-1.671875-13.675781-8.277344-15.824218-134.863281-42.3125-278.496093 32.714843-320.808593 167.582031-42.3125 134.863281 32.71875 278.496093 167.582031 320.808593 134.867187 42.3125 278.496093-32.714843 320.808593-167.582031 15.648438-49.875 15.648438-103.34375.003907-153.21875zm0 0\"><\/path><path d=\"m281.144531 91.117188c.066407-7.261719-5.511719-13.332032-12.753906-13.875-3.808594-.324219-7.621094-.648438-11.53125-.648438-98.613281 0-178.554687 79.941406-178.554687 178.554688 0 98.609374 79.941406 178.550781 178.554687 178.550781 98.609375 0 178.550781-79.941407 178.550781-178.550781 0-4.613282-.28125-9.222657-.847656-13.800782-1.019531-7-7.519531-11.847656-14.519531-10.828125-7 1.015625-11.847657 7.519531-10.832031 14.519531.039062.265626.085937.527344.140624.792969.277344 3.089844.550782 6.152344.550782 9.308594.003906 84.527344-68.515625 153.046875-153.039063 153.054687-84.527343.003907-153.046875-68.519531-153.050781-153.042968-.003906-84.523438 68.511719-153.046875 153.039062-153.050782h.003907c3.164062 0 6.230469.273438 9.3125.546876l2.390625.199218c6.664062.285156 12.296875-4.886718 12.578125-11.550781.003906-.0625.003906-.121094.007812-.179687zm0 0\"><\/path><path d=\"m333.378906 114.855469v45.734375l-85.539062 85.539062c-5.066406 4.894532-5.207032 12.96875-.3125 18.035156 4.894531 5.066407 12.96875 5.207032 18.035156.3125.105469-.101562.210938-.207031.3125-.3125l85.539062-85.539062h45.734376c3.382812 0 6.625-1.34375 9.019531-3.738281l76.519531-76.523438c4.980469-4.980469 4.980469-13.054687 0-18.035156-2.390625-2.390625-5.632812-3.734375-9.015625-3.734375h-38.261719v-38.261719c0-7.042969-5.710937-12.753906-12.757812-12.75-3.378906 0-6.621094 1.34375-9.011719 3.734375l-76.523437 76.523438c-2.394532 2.390625-3.738282 5.632812-3.738282 9.015625zm25.507813 5.28125 51.015625-51.015625v20.226562c0 7.042969 5.710937 12.753906 12.753906 12.753906h20.226562l-51.015624 51.015626h-32.980469zm0 0\"><\/path><\/svg>\t\t\t\t<\/span>\n\t\t\t<\/div>\n\t\t\t\n\t\t\t\t\t\t<div class=\"elementor-icon-box-content\">\n\n\t\t\t\t\t\t\t\t\t<h3 class=\"elementor-icon-box-title\">\n\t\t\t\t\t\t<span  >\n\t\t\t\t\t\t\tMiss\u00e3o\t\t\t\t\t\t<\/span>\n\t\t\t\t\t<\/h3>\n\t\t\t\t\n\t\t\t\t\t\t\t\t\t<p class=\"elementor-icon-box-description\">\n\t\t\t\t\t\tAtuar e ser vista no seguimento de madeira e biomassa, como excel\u00eancia em vendas de produtos e servi\u00e7os, tendo como meta a satisfa\u00e7\u00e3o e reconhecimento dos clientes, a valoriza\u00e7\u00e3o e a satisfa\u00e7\u00e3o dos colaboradores.\n\t\t\t\t\t<\/p>\n\t\t\t\t\n\t\t\t<\/div>\n\t\t\t\n\t\t<\/div>\n\t\t\t\t\t\t<\/div>\n\t\t\t\t<\/div>\n\t\t\t\t<div class=\"elementor-element elementor-element-990073a elementor-widget__width-initial elementor-widget-mobile__width-initial elementor-view-default elementor-position-block-start elementor-mobile-position-block-start elementor-widget elementor-widget-icon-box\" data-id=\"990073a\" data-element_type=\"widget\" data-e-type=\"widget\" data-widget_type=\"icon-box.default\">\n\t\t\t\t<div class=\"elementor-widget-container\">\n\t\t\t\t\t\t\t<div class=\"elementor-icon-box-wrapper\">\n\n\t\t\t\t\t\t<div class=\"elementor-icon-box-icon\">\n\t\t\t\t<span  class=\"elementor-icon\">\n\t\t\t\t<svg xmlns=\"http:\/\/www.w3.org\/2000\/svg\" xmlns:xlink=\"http:\/\/www.w3.org\/1999\/xlink\" id=\"Capa_1\" x=\"0px\" y=\"0px\" viewBox=\"0 0 511.999 511.999\" style=\"enable-background:new 0 0 511.999 511.999;\" xml:space=\"preserve\"><g>\t<g>\t\t<path d=\"M508.745,246.041c-4.574-6.257-113.557-153.206-252.748-153.206S7.818,239.784,3.249,246.035   c-4.332,5.936-4.332,13.987,0,19.923c4.569,6.257,113.557,153.206,252.748,153.206s248.174-146.95,252.748-153.201   C513.083,260.028,513.083,251.971,508.745,246.041z M255.997,385.406c-102.529,0-191.33-97.533-217.617-129.418   c26.253-31.913,114.868-129.395,217.617-129.395c102.524,0,191.319,97.516,217.617,129.418   C447.361,287.923,358.746,385.406,255.997,385.406z\"><\/path>\t<\/g><\/g><g>\t<g>\t\t<path d=\"M255.997,154.725c-55.842,0-101.275,45.433-101.275,101.275s45.433,101.275,101.275,101.275   s101.275-45.433,101.275-101.275S311.839,154.725,255.997,154.725z M255.997,323.516c-37.23,0-67.516-30.287-67.516-67.516   s30.287-67.516,67.516-67.516s67.516,30.287,67.516,67.516S293.227,323.516,255.997,323.516z\"><\/path>\t<\/g><\/g><g><\/g><g><\/g><g><\/g><g><\/g><g><\/g><g><\/g><g><\/g><g><\/g><g><\/g><g><\/g><g><\/g><g><\/g><g><\/g><g><\/g><g><\/g><\/svg>\t\t\t\t<\/span>\n\t\t\t<\/div>\n\t\t\t\n\t\t\t\t\t\t<div class=\"elementor-icon-box-content\">\n\n\t\t\t\t\t\t\t\t\t<h3 class=\"elementor-icon-box-title\">\n\t\t\t\t\t\t<span  >\n\t\t\t\t\t\t\tVis\u00e3o\t\t\t\t\t\t<\/span>\n\t\t\t\t\t<\/h3>\n\t\t\t\t\n\t\t\t\t\t\t\t\t\t<p class=\"elementor-icon-box-description\">\n\t\t\t\t\t\tAumentar o volume e a diversifica\u00e7\u00e3o dos neg\u00f3cios de forma gradual e sustent\u00e1vel; buscando o crescimento m\u00fatuo com seus colaboradores; e contribuindo para a gera\u00e7\u00e3o de\u00a0novos\u00a0empregos.\t\t\t\t\t<\/p>\n\t\t\t\t\n\t\t\t<\/div>\n\t\t\t\n\t\t<\/div>\n\t\t\t\t\t\t<\/div>\n\t\t\t\t<\/div>\n\t\t\t\t<div class=\"elementor-element elementor-element-9e982cd elementor-widget__width-initial elementor-widget-mobile__width-initial elementor-view-default elementor-position-block-start elementor-mobile-position-block-start elementor-widget elementor-widget-icon-box\" data-id=\"9e982cd\" data-element_type=\"widget\" data-e-type=\"widget\" data-widget_type=\"icon-box.default\">\n\t\t\t\t<div class=\"elementor-widget-container\">\n\t\t\t\t\t\t\t<div class=\"elementor-icon-box-wrapper\">\n\n\t\t\t\t\t\t<div class=\"elementor-icon-box-icon\">\n\t\t\t\t<span  class=\"elementor-icon\">\n\t\t\t\t<svg xmlns=\"http:\/\/www.w3.org\/2000\/svg\" xmlns:xlink=\"http:\/\/www.w3.org\/1999\/xlink\" id=\"Capa_1\" x=\"0px\" y=\"0px\" viewBox=\"0 0 512 512\" style=\"enable-background:new 0 0 512 512;\" xml:space=\"preserve\"><g>\t<g>\t\t<path d=\"M454.254,258.609l-55.703-86.019c-4.317-6.667-11.637-10.648-19.58-10.648H133.204c-7.931,0-15.244,3.971-19.563,10.621   l-55.876,86.03c-5.71,8.79-4.828,20.396,2.145,28.222l178.662,200.58c4.422,4.964,10.77,7.812,17.418,7.812c0.001,0,0,0,0.001,0   c6.647,0,12.997-2.847,17.419-7.811l178.682-200.592C459.055,278.987,459.944,267.393,454.254,258.609z M367.687,181.941   l-46.846,72.44l-46.874-72.44H367.687z M302.462,262.793h-92.944l46.472-71.819L302.462,262.793z M238.013,181.943l-46.745,72.241   l-46.729-72.241H238.013z M126.048,190.178l46.97,72.615H78.885L126.048,190.178z M83.109,282.793h100.645l53.216,172.735   L83.109,282.793z M255.99,449.336l-51.309-166.543h102.618L255.99,449.336z M275.009,455.534l53.218-172.74h100.654   L275.009,455.534z M339.22,262.793l46.927-72.565l46.989,72.565H339.22z\"><\/path>\t<\/g><\/g><g>\t<g>\t\t<path d=\"M30.333,262.793H10c-5.522,0-10,4.477-10,10s4.478,10,10,10h20.333c5.522,0,10-4.477,10-10S35.855,262.793,30.333,262.793   z\"><\/path>\t<\/g><\/g><g>\t<g>\t\t<path d=\"M502,262.793h-20.333c-5.522,0-10,4.477-10,10s4.478,10,10,10H502c5.522,0,10-4.477,10-10S507.522,262.793,502,262.793z\"><\/path>\t<\/g><\/g><g>\t<g>\t\t<path d=\"M437.146,91.826c-3.906-3.905-10.236-3.905-14.143,0l-33.217,33.217c-3.905,3.905-3.905,10.237,0,14.142   c1.954,1.953,4.513,2.929,7.072,2.929c2.56,0,5.118-0.977,7.071-2.929l33.217-33.217   C441.051,102.063,441.051,95.732,437.146,91.826z\"><\/path>\t<\/g><\/g><g>\t<g>\t\t<path d=\"M122.646,124.865L89.43,91.647c-3.904-3.905-10.234-3.905-14.143,0c-3.905,3.905-3.905,10.237,0,14.142l33.217,33.217   c1.953,1.953,4.512,2.929,7.071,2.929c2.559,0,5.118-0.977,7.071-2.929C126.551,135.102,126.551,128.769,122.646,124.865z\"><\/path>\t<\/g><\/g><g>\t<g>\t\t<path d=\"M256.254,16.793c-5.522,0-10,4.477-10,10v65.168c0,5.523,4.477,10,10,10c5.522,0,10-4.477,10-10V26.793   C266.254,21.271,261.776,16.793,256.254,16.793z\"><\/path>\t<\/g><\/g><g>\t<g>\t\t<path d=\"M263.319,118.72c-1.859-1.86-4.439-2.93-7.069-2.93s-5.21,1.07-7.07,2.93c-1.86,1.86-2.93,4.44-2.93,7.07   c0,2.64,1.069,5.21,2.93,7.07c1.86,1.87,4.44,2.93,7.07,2.93s5.21-1.06,7.069-2.93c1.87-1.86,2.931-4.44,2.931-7.07   S265.189,120.581,263.319,118.72z\"><\/path>\t<\/g><\/g><g><\/g><g><\/g><g><\/g><g><\/g><g><\/g><g><\/g><g><\/g><g><\/g><g><\/g><g><\/g><g><\/g><g><\/g><g><\/g><g><\/g><g><\/g><\/svg>\t\t\t\t<\/span>\n\t\t\t<\/div>\n\t\t\t\n\t\t\t\t\t\t<div class=\"elementor-icon-box-content\">\n\n\t\t\t\t\t\t\t\t\t<h3 class=\"elementor-icon-box-title\">\n\t\t\t\t\t\t<span  >\n\t\t\t\t\t\t\tValores\t\t\t\t\t\t<\/span>\n\t\t\t\t\t<\/h3>\n\t\t\t\t\n\t\t\t\t\t\t\t\t\t<p class=\"elementor-icon-box-description\">\n\t\t\t\t\t\tComprometimento com o trabalho sustentado em profissionalismo, transpar\u00eancia e integridade, buscando a realiza\u00e7\u00e3o por promover solu\u00e7\u00f5es adequadas e vantajosas nossos clientes, agregando valor aos produtos ofertados.\n\t\t\t\t\t<\/p>\n\t\t\t\t\n\t\t\t<\/div>\n\t\t\t\n\t\t<\/div>\n\t\t\t\t\t\t<\/div>\n\t\t\t\t<\/div>\n\t\t\t\t\t<\/div>\n\t\t\t\t<\/div>\n\t\t\t\t<\/div>\n\t\t","protected":false},"excerpt":{"rendered":"<p>QUEM SOMOS Atuando no mercado desde 2013 a MADEIREIRA ATANASIO, especializou-se no mercado de madeiras de pinus para constru\u00e7\u00e3o civil, com seguran\u00e7a e qualidade proporcionando conforto e satisfa\u00e7\u00e3o. Com ampla variedade de produtos, podemos atender desde a montagem de caixarias at\u00e9 o acabamento final de sua obra.Contamos com profissionais especializados, oferecendo a melhor solu\u00e7\u00e3o para a sua necessidade. Miss\u00e3o Atuar e ser vista no seguimento de madeira e biomassa, como excel\u00eancia em vendas de produtos e servi\u00e7os, tendo como meta a satisfa\u00e7\u00e3o e reconhecimento dos clientes, a valoriza\u00e7\u00e3o e a satisfa\u00e7\u00e3o dos colaboradores. Vis\u00e3o Aumentar o volume e a diversifica\u00e7\u00e3o dos neg\u00f3cios de forma gradual e sustent\u00e1vel; buscando o crescimento m\u00fatuo com seus colaboradores; e contribuindo para a gera\u00e7\u00e3o de\u00a0novos\u00a0empregos. Valores Comprometimento com o trabalho sustentado em profissionalismo, transpar\u00eancia e integridade, buscando a realiza\u00e7\u00e3o por promover solu\u00e7\u00f5es adequadas e vantajosas nossos clientes, agregando valor aos produtos ofertados.<\/p>\n","protected":false},"author":1,"featured_media":0,"parent":0,"menu_order":0,"comment_status":"closed","ping_status":"closed","template":"","meta":{"footnotes":""},"class_list":["post-42","page","type-page","status-publish","hentry"],"_links":{"self":[{"href":"https:\/\/madeireiraatanasio.com.br\/index.php\/wp-json\/wp\/v2\/pages\/42","targetHints":{"allow":["GET"]}}],"collection":[{"href":"https:\/\/madeireiraatanasio.com.br\/index.php\/wp-json\/wp\/v2\/pages"}],"about":[{"href":"https:\/\/madeireiraatanasio.com.br\/index.php\/wp-json\/wp\/v2\/types\/page"}],"author":[{"embeddable":true,"href":"https:\/\/madeireiraatanasio.com.br\/index.php\/wp-json\/wp\/v2\/users\/1"}],"replies":[{"embeddable":true,"href":"https:\/\/madeireiraatanasio.com.br\/index.php\/wp-json\/wp\/v2\/comments?post=42"}],"version-history":[{"count":0,"href":"https:\/\/madeireiraatanasio.com.br\/index.php\/wp-json\/wp\/v2\/pages\/42\/revisions"}],"wp:attachment":[{"href":"https:\/\/madeireiraatanasio.com.br\/index.php\/wp-json\/wp\/v2\/media?parent=42"}],"curies":[{"name":"wp","href":"https:\/\/api.w.org\/{rel}","templated":true}]}}